{"id":4263,"date":"2020-04-22T11:59:54","date_gmt":"2020-04-22T09:59:54","guid":{"rendered":"https:\/\/b2b.coffeedesk.pl\/blog\/?page_id=4263"},"modified":"2020-04-23T13:44:07","modified_gmt":"2020-04-23T11:44:07","slug":"raport","status":"publish","type":"page","link":"https:\/\/b2b.coffeedesk.pl\/blog\/raport\/","title":{"rendered":"RAPORT 2020"},"content":{"rendered":"\n\n<div class=\"wpcf7 no-js\" id=\"wpcf7-f4261-o1\" lang=\"pl-PL\" dir=\"ltr\">\n<div class=\"screen-reader-response\"><p role=\"status\" aria-live=\"polite\" aria-atomic=\"true\"><\/p> <ul><\/ul><\/div>\n<form action=\"\/blog\/wp-json\/wp\/v2\/pages\/4263#wpcf7-f4261-o1\" method=\"post\" class=\"wpcf7-form init\" aria-label=\"Formularz kontaktowy\" novalidate=\"novalidate\" data-status=\"init\">\n<div style=\"display: none;\">\n<input type=\"hidden\" name=\"_wpcf7\" value=\"4261\" \/>\n<input type=\"hidden\" name=\"_wpcf7_version\" value=\"5.9.8\" \/>\n<input type=\"hidden\" name=\"_wpcf7_locale\" value=\"pl_PL\" \/>\n<input type=\"hidden\" name=\"_wpcf7_unit_tag\" value=\"wpcf7-f4261-o1\" \/>\n<input type=\"hidden\" name=\"_wpcf7_container_post\" value=\"0\" \/>\n<input type=\"hidden\" name=\"_wpcf7_posted_data_hash\" value=\"\" \/>\n<input type=\"hidden\" name=\"_wpcf7_recaptcha_response\" value=\"\" \/>\n<\/div>\n<h3>Jak utrzyma\u0107 si\u0119 na rynku w czasie pandemii? Czy warto inwestowa\u0107 w e-commerce i jakie zmiany w zwyczajach zakupowych konsument\u00f3w przed nami?\n<\/h3>\n<main>\n\t<p>Poznaj prognozy na przysz\u0142o\u015b\u0107 i dowiedz si\u0119, jak rozwija\u0107 sw\u00f3j biznes.\n\t<\/p>\n<\/main>\n<main>\n\t<p>Z raportu dowiesz si\u0119 mi\u0119dzy innymi:\n\t<\/p>\n<\/main>\n<ul>\n\t<li>\n\t\t<p>gdzie szuka\u0107 wzrostu i jak zmieniaj\u0105 si\u0119 zwyczaje konsument\u00f3w,\n\t\t<\/p>\n\t<\/li>\n\t<li>\n\t\t<p>jakie kategorie produkt\u00f3w ciesz\u0105 najwi\u0119ksz\u0105 popularno\u015bci\u0105 i w kt\u00f3re z nich warto inwestowa\u0107,\n\t\t<\/p>\n\t<\/li>\n\t<li>\n\t\t<p>eksperci z bran\u017cy e-commerce i digital podziel\u0105 si\u0119 z Tob\u0105 swoimi wskaz\u00f3wkami oraz podpowiedz\u0105, jak stworzy\u0107 e-commerce i zacz\u0105\u0107 zarabia\u0107 ju\u017c!\n\t\t<\/p>\n\t<\/li>\n<\/ul>\n<p><img loading=\"lazy\" decoding=\"async\" class=\"aligncenter wp-image-11080 size-full\" src=\"https:\/\/b2b.coffeedesk.pl\/blog\/wp-content\/uploads\/2020\/04\/770x403.png\" width=\"770\" height=\"403\" \/>\n<\/p>\n<main>\n\t<p><strong> Wpisz adres e-mail, aby otrzyma\u0107 raport:<\/strong>\n\t<\/p>\n<\/main>\n\n\n<!-- <div><span class=\"wpcf7-form-control-wrap\" data-name=\"your-name\"><input size=\"40\" maxlength=\"400\" class=\"wpcf7-form-control wpcf7-text\" aria-invalid=\"false\" placeholder=\"Twoje imi\u0119 (pole wymagane)\" value=\"\" type=\"text\" name=\"your-name\" \/><\/span> <\/div> -->\n<div>\n\t<p><span class=\"wpcf7-form-control-wrap\" data-name=\"your-email\"><input size=\"40\" maxlength=\"400\" class=\"wpcf7-form-control wpcf7-email wpcf7-validates-as-required wpcf7-text wpcf7-validates-as-email\" aria-required=\"true\" aria-invalid=\"false\" placeholder=\"Tw\u00f3j Email (pole wymagane)\" value=\"\" type=\"email\" name=\"your-email\" \/><\/span>\n\t<\/p>\n<\/div>\n\n<p class=\"rodo\"><span class=\"wpcf7-form-control-wrap\" data-name=\"rodo\"><span class=\"wpcf7-form-control wpcf7-acceptance\"><span class=\"wpcf7-list-item\"><label><input type=\"checkbox\" name=\"rodo\" value=\"1\" aria-invalid=\"false\" \/><span class=\"wpcf7-list-item-label\"><small>Akceptuj\u0119 <a href=\"\/regulamin\/\"> Regulamin<\/a> i zapozna\u0142em si\u0119 z <a href=\"\/regulamin\/\" target=\"_blank\">Polityk\u0105 Prywatno\u015bci<\/a><\/small><\/span><\/label><\/span><\/span><\/span>\n<\/p>\n<p class=\"rodo\"><span class=\"wpcf7-form-control-wrap\" data-name=\"rodo\"><span class=\"wpcf7-form-control wpcf7-acceptance\"><span class=\"wpcf7-list-item\"><label><input type=\"checkbox\" name=\"rodo\" value=\"1\" aria-invalid=\"false\" \/><span class=\"wpcf7-list-item-label\"><small>Tak, chc\u0119 otrzymywa\u0107 newsletter z promocjami, poradami i nowo\u015bciami. Rezygnacja jest mo\u017cliwa w ka\u017cdej chwili.<\/small><\/span><\/label><\/span><\/span><\/span>\n<\/p>\n<p class=\"rodo\"><small>Przed wys\u0142aniem nam swoich danych, koniecznie zapoznaj si\u0119 z <a href=\"\/regulamin\/\" target=\"_blank\">Polityk\u0105 Prywatno\u015bci<\/a>, w kt\u00f3rej znajdziesz informacje o administratorze danych osobowych, Twoich prawach i naszych obowi\u0105zkach, w jakim celu przetwarzane s\u0105 Twoje dane oraz wszelkie inne informacje, kt\u00f3re dotycz\u0105 ochrony i bezpiecze\u0144stwa Twoich danych osobowych<\/small>\n<\/p>\n<p><input class=\"wpcf7-form-control wpcf7-submit has-spinner\" type=\"submit\" value=\"Wy\u015blij\" \/>\n<\/p><div class=\"wpcf7-response-output\" aria-hidden=\"true\"><\/div>\n<\/form>\n<\/div>\n\n","protected":false},"excerpt":{"rendered":"Jak utrzyma\u0107 si\u0119 na rynku w czasie pandemii? Czy warto inwestowa\u0107 w e-commerce i jakie zmiany w zwyczajach zakupowych konsument\u00f3w przed nami? Poznaj prognozy na przysz\u0142o\u015b\u0107 i dowiedz si\u0119, jak rozwija\u0107 sw\u00f3j biznes. Z raportu dowiesz si\u0119 mi\u0119dzy innymi: gdzie szuka\u0107 wzrostu i jak zmieniaj\u0105 si\u0119 zwyczaje konsument\u00f3w, jakie kategorie produkt\u00f3w ciesz\u0105 najwi\u0119ksz\u0105 popularno\u015bci\u0105 i","protected":false},"author":1,"featured_media":0,"parent":0,"menu_order":0,"comment_status":"closed","ping_status":"closed","template":"","meta":{"_acf_changed":false,"footnotes":""},"class_list":["post-4263","page","type-page","status-publish"],"acf":[],"yoast_head":"<!-- This site is optimized with the Yoast SEO plugin v24.9 - https:\/\/yoast.com\/wordpress\/plugins\/seo\/ -->\n<title>RAPORT 2020 - Blog B2B Coffeedesk<\/title>\n<meta name=\"robots\" content=\"index, follow, max-snippet:-1, max-image-preview:large, max-video-preview:-1\" \/>\n<link rel=\"canonical\" href=\"https:\/\/b2b.coffeedesk.pl\/blog\/raport\/\" \/>\n<meta property=\"og:locale\" content=\"pl_PL\" \/>\n<meta property=\"og:type\" content=\"article\" \/>\n<meta property=\"og:title\" content=\"RAPORT 2020 - Blog B2B Coffeedesk\" \/>\n<meta property=\"og:url\" content=\"https:\/\/b2b.coffeedesk.pl\/blog\/raport\/\" \/>\n<meta property=\"og:site_name\" content=\"Blog B2B Coffeedesk\" \/>\n<meta property=\"article:publisher\" content=\"https:\/\/www.facebook.com\/coffeedeskpl\" \/>\n<meta property=\"article:modified_time\" content=\"2020-04-23T11:44:07+00:00\" \/>\n<meta name=\"twitter:card\" content=\"summary_large_image\" \/>\n<meta name=\"twitter:site\" content=\"@CoffeeDeskPl\" \/>\n<script type=\"application\/ld+json\" class=\"yoast-schema-graph\">{\"@context\":\"https:\/\/schema.org\",\"@graph\":[{\"@type\":\"WebPage\",\"@id\":\"https:\/\/b2b.coffeedesk.pl\/blog\/raport\/\",\"url\":\"https:\/\/b2b.coffeedesk.pl\/blog\/raport\/\",\"name\":\"RAPORT 2020 - Blog B2B Coffeedesk\",\"isPartOf\":{\"@id\":\"https:\/\/b2b.coffeedesk.pl\/blog\/#website\"},\"datePublished\":\"2020-04-22T09:59:54+00:00\",\"dateModified\":\"2020-04-23T11:44:07+00:00\",\"breadcrumb\":{\"@id\":\"https:\/\/b2b.coffeedesk.pl\/blog\/raport\/#breadcrumb\"},\"inLanguage\":\"pl-PL\",\"potentialAction\":[{\"@type\":\"ReadAction\",\"target\":[\"https:\/\/b2b.coffeedesk.pl\/blog\/raport\/\"]}]},{\"@type\":\"BreadcrumbList\",\"@id\":\"https:\/\/b2b.coffeedesk.pl\/blog\/raport\/#breadcrumb\",\"itemListElement\":[{\"@type\":\"ListItem\",\"position\":1,\"name\":\"Strona g\u0142\u00f3wna\",\"item\":\"https:\/\/b2b.coffeedesk.pl\/blog\/\"},{\"@type\":\"ListItem\",\"position\":2,\"name\":\"RAPORT 2020\"}]},{\"@type\":\"WebSite\",\"@id\":\"https:\/\/b2b.coffeedesk.pl\/blog\/#website\",\"url\":\"https:\/\/b2b.coffeedesk.pl\/blog\/\",\"name\":\"Blog B2B Coffeedesk\",\"description\":\"\",\"publisher\":{\"@id\":\"https:\/\/b2b.coffeedesk.pl\/blog\/#organization\"},\"potentialAction\":[{\"@type\":\"SearchAction\",\"target\":{\"@type\":\"EntryPoint\",\"urlTemplate\":\"https:\/\/b2b.coffeedesk.pl\/blog\/?s={search_term_string}\"},\"query-input\":{\"@type\":\"PropertyValueSpecification\",\"valueRequired\":true,\"valueName\":\"search_term_string\"}}],\"inLanguage\":\"pl-PL\"},{\"@type\":\"Organization\",\"@id\":\"https:\/\/b2b.coffeedesk.pl\/blog\/#organization\",\"name\":\"Coffeedesk.pl B2B\",\"url\":\"https:\/\/b2b.coffeedesk.pl\/blog\/\",\"logo\":{\"@type\":\"ImageObject\",\"inLanguage\":\"pl-PL\",\"@id\":\"https:\/\/b2b.coffeedesk.pl\/blog\/#\/schema\/logo\/image\/\",\"url\":\"https:\/\/b2b.coffeedesk.pl\/blog\/wp-content\/uploads\/2024\/04\/Coffeedesk_business.png\",\"contentUrl\":\"https:\/\/b2b.coffeedesk.pl\/blog\/wp-content\/uploads\/2024\/04\/Coffeedesk_business.png\",\"width\":210,\"height\":53,\"caption\":\"Coffeedesk.pl B2B\"},\"image\":{\"@id\":\"https:\/\/b2b.coffeedesk.pl\/blog\/#\/schema\/logo\/image\/\"},\"sameAs\":[\"https:\/\/www.facebook.com\/coffeedeskpl\",\"https:\/\/x.com\/CoffeeDeskPl\",\"https:\/\/www.instagram.com\/coffeedeskpl\/\",\"https:\/\/www.youtube.com\/user\/coffeedeskpl\",\"https:\/\/www.linkedin.com\/company\/coffeedesk\"]}]}<\/script>\n<!-- \/ Yoast SEO plugin. -->","yoast_head_json":{"title":"RAPORT 2020 - Blog B2B Coffeedesk","robots":{"index":"index","follow":"follow","max-snippet":"max-snippet:-1","max-image-preview":"max-image-preview:large","max-video-preview":"max-video-preview:-1"},"canonical":"https:\/\/b2b.coffeedesk.pl\/blog\/raport\/","og_locale":"pl_PL","og_type":"article","og_title":"RAPORT 2020 - Blog B2B Coffeedesk","og_url":"https:\/\/b2b.coffeedesk.pl\/blog\/raport\/","og_site_name":"Blog B2B Coffeedesk","article_publisher":"https:\/\/www.facebook.com\/coffeedeskpl","article_modified_time":"2020-04-23T11:44:07+00:00","twitter_card":"summary_large_image","twitter_site":"@CoffeeDeskPl","schema":{"@context":"https:\/\/schema.org","@graph":[{"@type":"WebPage","@id":"https:\/\/b2b.coffeedesk.pl\/blog\/raport\/","url":"https:\/\/b2b.coffeedesk.pl\/blog\/raport\/","name":"RAPORT 2020 - Blog B2B Coffeedesk","isPartOf":{"@id":"https:\/\/b2b.coffeedesk.pl\/blog\/#website"},"datePublished":"2020-04-22T09:59:54+00:00","dateModified":"2020-04-23T11:44:07+00:00","breadcrumb":{"@id":"https:\/\/b2b.coffeedesk.pl\/blog\/raport\/#breadcrumb"},"inLanguage":"pl-PL","potentialAction":[{"@type":"ReadAction","target":["https:\/\/b2b.coffeedesk.pl\/blog\/raport\/"]}]},{"@type":"BreadcrumbList","@id":"https:\/\/b2b.coffeedesk.pl\/blog\/raport\/#breadcrumb","itemListElement":[{"@type":"ListItem","position":1,"name":"Strona g\u0142\u00f3wna","item":"https:\/\/b2b.coffeedesk.pl\/blog\/"},{"@type":"ListItem","position":2,"name":"RAPORT 2020"}]},{"@type":"WebSite","@id":"https:\/\/b2b.coffeedesk.pl\/blog\/#website","url":"https:\/\/b2b.coffeedesk.pl\/blog\/","name":"Blog B2B Coffeedesk","description":"","publisher":{"@id":"https:\/\/b2b.coffeedesk.pl\/blog\/#organization"},"potentialAction":[{"@type":"SearchAction","target":{"@type":"EntryPoint","urlTemplate":"https:\/\/b2b.coffeedesk.pl\/blog\/?s={search_term_string}"},"query-input":{"@type":"PropertyValueSpecification","valueRequired":true,"valueName":"search_term_string"}}],"inLanguage":"pl-PL"},{"@type":"Organization","@id":"https:\/\/b2b.coffeedesk.pl\/blog\/#organization","name":"Coffeedesk.pl B2B","url":"https:\/\/b2b.coffeedesk.pl\/blog\/","logo":{"@type":"ImageObject","inLanguage":"pl-PL","@id":"https:\/\/b2b.coffeedesk.pl\/blog\/#\/schema\/logo\/image\/","url":"https:\/\/b2b.coffeedesk.pl\/blog\/wp-content\/uploads\/2024\/04\/Coffeedesk_business.png","contentUrl":"https:\/\/b2b.coffeedesk.pl\/blog\/wp-content\/uploads\/2024\/04\/Coffeedesk_business.png","width":210,"height":53,"caption":"Coffeedesk.pl B2B"},"image":{"@id":"https:\/\/b2b.coffeedesk.pl\/blog\/#\/schema\/logo\/image\/"},"sameAs":["https:\/\/www.facebook.com\/coffeedeskpl","https:\/\/x.com\/CoffeeDeskPl","https:\/\/www.instagram.com\/coffeedeskpl\/","https:\/\/www.youtube.com\/user\/coffeedeskpl","https:\/\/www.linkedin.com\/company\/coffeedesk"]}]}},"_links":{"self":[{"href":"https:\/\/b2b.coffeedesk.pl\/blog\/wp-json\/wp\/v2\/pages\/4263"}],"collection":[{"href":"https:\/\/b2b.coffeedesk.pl\/blog\/wp-json\/wp\/v2\/pages"}],"about":[{"href":"https:\/\/b2b.coffeedesk.pl\/blog\/wp-json\/wp\/v2\/types\/page"}],"author":[{"embeddable":true,"href":"https:\/\/b2b.coffeedesk.pl\/blog\/wp-json\/wp\/v2\/users\/1"}],"replies":[{"embeddable":true,"href":"https:\/\/b2b.coffeedesk.pl\/blog\/wp-json\/wp\/v2\/comments?post=4263"}],"version-history":[{"count":2,"href":"https:\/\/b2b.coffeedesk.pl\/blog\/wp-json\/wp\/v2\/pages\/4263\/revisions"}],"predecessor-version":[{"id":4268,"href":"https:\/\/b2b.coffeedesk.pl\/blog\/wp-json\/wp\/v2\/pages\/4263\/revisions\/4268"}],"wp:attachment":[{"href":"https:\/\/b2b.coffeedesk.pl\/blog\/wp-json\/wp\/v2\/media?parent=4263"}],"curies":[{"name":"wp","href":"https:\/\/api.w.org\/{rel}","templated":true}]}}